
197
What are the prime factors of 95248?
2, 5953
List the prime factors of 7085.
5, 13, 109
What are the prime factors of 10073?
7, 1439
List the prime factors of 2537.
43, 59
What are the prime factors of 72008?
2, 9001
What are the prime factors of 11025?
3, 5, 7
What are the prime factors of 11010?
2, 3, 5, 367
What are the prime factors of 114780?
2, 3, 5, 1913
What are the prime factors of 11413?
101, 113
What are the prime factors of 285?
3, 5, 19
List the prime factors of 5197.
5197
What are the prime factors of 21997?
21997
List the prime factors of 55567.
181, 307
What are the prime factors of 1883?
7, 269
List the prime factors of 49519.
23, 2153
List the prime factors of 4664.
2, 11, 53
What are the prime factors of 7022?
2, 3511
List the prime factors of 1933.
1933
What are the prime factors of 106464?
2, 3, 1109
List the prime factors of 1148.
2, 7, 41
What are the prime factors of 4766?
2, 2383
List the prime factors of 1185.
3, 5, 79
List the prime factors of 4542.
2, 3, 757
What are the prime factors of 11942?
2, 7, 853
What are the prime factors of 112452?
2, 3, 9371
List the prime factors of 2504.
2, 313
What are the prime factors of 152004?
2, 3, 53, 239
What are the prime factors of 2034?
2, 3, 113
List the prime factors of 96928.
2, 13, 233
What are the prime factors of 1029?
3, 7
List the prime factors of 765.
3, 5, 17
List the prime factors of 14528.
2, 227
What are the prime factors of 39040?
2, 5, 61
List the prime factors of 7413.
3, 7, 353
List the prime factors of 11920.
2, 5, 149
List the prime factors of 20402.
2, 101
List the prime factors of 860.
2, 5, 43
What are the prime factors of 49999?
49999
What are the prime factors of 17533?
89, 197
What are the prime factors of 2663?
2663
List the prime factors of 716.
2, 179
What are the prime factors of 2086?
2, 7, 149
What are the prime factors of 39315?
3, 5, 2621
What are the prime factors of 27465?
3, 5, 1831
What are the prime factors of 8192?
2
What are the prime factors of 32804?
2, 59, 139
What are the prime factors of 60767?
7, 8681
What are the prime factors of 1824?
2, 3, 19
List the prime factors of 31730.
2, 5, 19, 167
List the prime factors of 9735.
3, 5, 11, 59
List the prime factors of 4106.
2, 2053
List the prime factors of 45886.
2, 22943
What are the prime factors of 16310?
2, 5, 7, 233
List the prime factors of 15811.
97, 163
List the prime factors of 799.
17, 47
List the prime factors of 36410.
2, 5, 11, 331
What are the prime factors of 23720?
2, 5, 593
List the prime factors of 6382.
2, 3191
What are the prime factors of 12651?
3, 4217
List the prime factors of 6523.
11, 593
List the prime factors of 1849.
43
What are the prime factors of 28151?
28151
List the prime factors of 46739.
7, 11, 607
What are the prime factors of 63061?
19, 3319
What are the prime factors of 16520?
2, 5, 7, 59
What are the prime factors of 21795?
3, 5, 1453
What are the prime factors of 2428?
2, 607
List the prime factors of 16357.
11, 1487
List the prime factors of 18036.
2, 3, 167
List the prime factors of 26833.
26833
What are the prime factors of 1152?
2, 3
List the prime factors of 22984.
2, 13, 17
List the prime factors of 3256.
2, 11, 37
List the prime factors of 11634.
2, 3, 7, 277
List the prime factors of 6484.
2, 1621
List the prime factors of 12421.
12421
What are the prime factors of 6366?
2, 3, 1061
List the prime factors of 9642.
2, 3, 1607
List the prime factors of 22556.
2, 5639
What are the prime factors of 56429?
73, 773
What are the prime factors of 3484?
2, 13, 67
What are the prime factors of 56218?
2, 28109
List the prime factors of 12931.
67, 193
What are the prime factors of 51180?
2, 3, 5, 853
List the prime factors of 3528.
2, 3, 7
List the prime factors of 68818.
2, 19, 1811
List the prime factors of 2146.
2, 29, 37
List the prime factors of 37504.
2, 293
List the prime factors of 5239.
13, 31
List the prime factors of 32437.
163, 199
What are the prime factors of 14982?
2, 3, 11, 227
List the prime factors of 3268.
2, 19, 43
What are the prime factors of 6740?
2, 5, 337
What are the prime factors of 62367?
3, 20789
List the prime factors of 1562.
2, 11, 71
What are the prime factors of 34516?
2, 8629
What are the prime factors of 501?
3, 167
List the prime factors of 78699.
3, 37, 709
What are the prime factors of 1456?
2, 7, 13
What are the prime factors of 217?
7, 31
What are the prime factors of 336?
2, 3, 7
List the prime factors of 2213.
2213
List the prime factors of 668.
2, 167
What are the prime factors of 11859?
3, 59, 67
What are the prime factors of 87038?
2, 7, 6217
What are the prime factors of 201?
3, 67
What are the prime factors of 152?
2, 19
List the prime factors of 10270.
2, 5, 13, 79
List the prime factors of 603.
3, 67
What are the prime factors of 1036?
2, 7, 37
What are the prime factors of 6927?
3, 2309
What are the prime factors of 8885?
5, 1777
List the prime factors of 7103.
7103
List the prime factors of 3410.
2, 5, 11, 31
What are the prime factors of 1055?
5, 211
What are the prime factors of 177375?
3, 5, 11, 43
What are the prime factors of 6880?
2, 5, 43
What are the prime factors of 13326?
2, 3, 2221
What are the prime factors of 4045?
5, 809
What are the prime factors of 15168?
2, 3, 79
List the prime factors of 38498.
2, 19249
What are the prime factors of 51000?
2, 3, 5, 17
List the prime factors of 2007.
3, 223
What are the prime factors of 908?
2, 227
List the prime factors of 28703.
28703
List the prime factors of 7140.
2, 3, 5, 7, 17
List the prime factors of 2745.
3, 5, 61
What are the prime factors of 16943?
16943
What are the prime factors of 18915?
3, 5, 13, 97
List the prime factors of 26682.
2, 3, 4447
List the prime factors of 11879.
7, 1697
What are the prime factors of 4401?
3, 163
What are the prime factors of 330?
2, 3, 5, 11
List the prime factors of 1083.
3, 19
List the prime factors of 5407.
5407
What are the prime factors of 14037?
3, 4679
List the prime factors of 39093.
3, 83, 157
List the prime factors of 7263.
3, 269
What are the prime factors of 445?
5, 89
What are the prime factors of 41517?
3, 7, 659
What are the prime factors of 35187?
3, 37, 317
List the prime factors of 8324.
2, 2081
List the prime factors of 40342.
2, 23, 877
What are the prime factors of 4352?
2, 17
List the prime factors of 7288.
2, 911
List the prime factors of 1282.
2, 641
What are the prime factors of 29239?
7, 4177
What are the prime factors of 17112?
2, 3, 23, 31
List the prime factors of 1671.
3, 557
What are the prime factors of 12128?
2, 379
List the prime factors of 58837.
17, 3461
List the prime factors of 1009.
1009
List the prime factors of 11521.
41, 281
What are the prime factors of 5413?
5413
List the prime factors of 3435.
3, 5, 229
List the prime factors of 897.
3, 13, 23
What are the prime factors of 1509?
3, 503
What are the prime factors of 4513?
4513
What are the prime factors of 76543?
76543
List the prime factors of 885.
3, 5, 59
What are the prime factors of 4187?
53, 79
List the prime factors of 4385.
5, 877
List the prime factors of 23410.
2, 5, 2341
What are the prime factors of 1077?
3, 359
What are the prime factors of 794?
2, 397
List the prime factors of 9592.
2, 11, 109
What are the prime factors of 1240?
2, 5, 31
List the prime factors of 73453.
73453
List the prime factors of 7743.
3, 29, 89
List the prime factors of 27915.
3, 5, 1861
List the prime factors of 2522.
2, 13, 97
List the prime factors of 2832.
2, 3, 59
What are the prime factors of 5147?
5147
List the prime factors of 954.
2, 3, 53
List the prime factors of 13017.
3, 4339
List the prime factors of 99571.
99571
What are the prime factors of 75?
3, 5
List the prime factors of 7999.
19, 421
What are the prime factors of 12913?
37, 349
List the prime factors of 2432.
2, 19
List the prime factors of 1089.
3, 11
List the prime factors of 38446.
2, 47, 409
List the prime factors of 96429.
3, 32143
What are the prime factors of 1208?
2, 151
List the prime factors of 990.
2, 3, 5, 11
What are the prime factors of 2704?
2, 13
List the prime factors of 1355.
5, 271
What are the prime factors of 3348?
2, 3, 31
What are the prime factors of 56?
2, 7
What are the prime factors of 1558?
2, 19, 41
What are the prime 